{"id":715,"date":"2023-12-05T11:25:23","date_gmt":"2023-12-05T11:25:23","guid":{"rendered":"https:\/\/www.gross-autohaus.de\/?page_id=715"},"modified":"2024-10-01T09:39:48","modified_gmt":"2024-10-01T09:39:48","slug":"wunschfahrzeug","status":"publish","type":"page","link":"https:\/\/gross-autohaus.de\/index.php\/wunschfahrzeug\/","title":{"rendered":"Wunschfahrzeug"},"content":{"rendered":"<div id='av_section_1'  class='avia-section av-vtmu3-cbd3184dd71b94cdda15ef698e5943ef main_color avia-section-default avia-no-border-styling  avia-builder-el-0  el_before_av_section  avia-builder-el-first  avia-bg-style-scroll  av-desktop-hide av-medium-hide av-small-hide container_wrap fullsize'  ><div class='container av-section-cont-open' ><main  role=\"main\" itemprop=\"mainContentOfPage\"  class='template-page content  av-content-full alpha units'><div class='post-entry post-entry-type-page post-entry-715'><div class='entry-content-wrapper clearfix'>\n<\/div><\/div><\/main><!-- close content main element --><\/div><\/div>\n<style type=\"text\/css\" data-created_by=\"avia_inline_auto\" id=\"style-css-av-s616j-7daff973d62e169e8ea990ec6b4641c0\">\n.avia-section.av-s616j-7daff973d62e169e8ea990ec6b4641c0 .av-parallax .av-parallax-inner{\nbackground-repeat:no-repeat;\nbackground-image:url(https:\/\/i0.wp.com\/gross-autohaus.de\/wp-content\/uploads\/2021\/10\/reifen_back-1.jpg?fit=1600%2C1065&ssl=1);\nbackground-position:0% 0%;\nbackground-attachment:scroll;\n}\n.avia-section.av-s616j-7daff973d62e169e8ea990ec6b4641c0 .av-section-color-overlay{\nopacity:0.9;\nbackground-color:#282828;\n}\n<\/style>\n<div id='av_section_2'  class='avia-section av-s616j-7daff973d62e169e8ea990ec6b4641c0 main_color avia-section-no-padding avia-no-border-styling  avia-builder-el-1  el_after_av_section  el_before_av_section  avia-full-stretch av-parallax-section avia-bg-style-parallax av-section-color-overlay-active  av-minimum-height av-minimum-height-custom  container_wrap fullsize'  data-section-bg-repeat='stretch'><div class='av-parallax' data-avia-parallax-ratio='0.3' ><div class='av-parallax-inner main_color avia-full-stretch'><\/div><\/div><div class='av-section-color-overlay-wrap'><div class=\"av-section-color-overlay\"><\/div><div class='container av-section-cont-open' style='height:100px'><div class='template-page content  av-content-full alpha units'><div class='post-entry post-entry-type-page post-entry-715'><div class='entry-content-wrapper clearfix'>\n\n<style type=\"text\/css\" data-created_by=\"avia_inline_auto\" id=\"style-css-av-lps990x1-ccbc547874bb4455f959ea702886aaee\">\n#top .av-special-heading.av-lps990x1-ccbc547874bb4455f959ea702886aaee{\npadding-bottom:10px;\ncolor:#ffffff;\n}\n.av-special-heading.av-lps990x1-ccbc547874bb4455f959ea702886aaee .special-heading-inner-border{\nborder-color:#ffffff;\n}\n<\/style>\n<div  class='av-special-heading av-lps990x1-ccbc547874bb4455f959ea702886aaee av-special-heading-h2 custom-color-heading blockquote modern-quote modern-centered  avia-builder-el-2  avia-builder-el-no-sibling  '><h2 class='av-special-heading-tag  av-mini-font-size-overwrite av-mini-font-size-20'  itemprop=\"headline\"  >WUNSCHFAHRZEUG<\/h2><div class='special-heading-border'><div class='special-heading-inner-border'><\/div><\/div><\/div>\n\n<\/div><\/div><\/div><!-- close content main div --><\/div><\/div><\/div><div id='av_section_3'  class='avia-section av-jaz2j-453a94c6ca7928b31372d792017f7b07 main_color avia-section-default avia-no-border-styling  avia-builder-el-3  el_after_av_section  avia-builder-el-last  avia-bg-style-scroll  container_wrap fullsize'  ><div class='container av-section-cont-open' ><div class='template-page content  av-content-full alpha units'><div class='post-entry post-entry-type-page post-entry-715'><div class='entry-content-wrapper clearfix'>\n<div class='flex_column av-f9vaz-679c57d08b6cd629dea942c9d50fa274 av_one_full  avia-builder-el-4  avia-builder-el-no-sibling  first flex_column_div '   ><section class=\"av_textblock_section \"  itemscope=\"itemscope\" itemtype=\"https:\/\/schema.org\/CreativeWork\" ><div class='avia_textblock  '   itemprop=\"text\" ><h1>SO GEHT&#8217;S<\/h1>\n<p>Neu oder gebraucht, f\u00fcr den Einsatz auf Langstrecken ausgelegt oder als flotter Cityflitzer\u2026? Auf der Suche nach dem perfekten Automobil gibt es viele W\u00fcnsche \u2013 und entsprechend gro\u00df ist dann auch der Aufwand bei der Suche. Hier gibt es jetzt aber im Autohaus Gross kompetente Rundum-Unterst\u00fctzung. Kurz beschrieben funktioniert es so: \u201eSie kommen mit ihren W\u00fcnschen zu uns und wir besorgen dann \u2013 komplett markenunabh\u00e4ngig \u2013 genau ihr passendes Traum-Auto.\u201c Sie k\u00f6nnen sich freuen \u2013 denn den \u201eFulltimejob Autosuche\u201c m\u00fcssen sie k\u00fcnftig nicht mehr selbst erledigen. Sie m\u00fcssen sich nur noch auf ihr neues Auto freuen \u2013 und wir, das Autohaus Gross, k\u00fcmmert sich um den Rest. Selbstverst\u00e4ndlich h\u00f6rt der Service f\u00fcr die Kunden nicht mit der \u00dcbergabe des neuen Autos auf. Wir k\u00fcmmern uns nat\u00fcrlich in der eigenen Meister-Werkstatt kompetent um Service- und Verschlei\u00dfarbeiten nach Herstellervorgaben. Und \u00fcbrigens: Auch f\u00fcr den Automobil-Ankauf aller Marken sind wir genau der richtige Ansprechpartner.<\/p>\n<p>Schreiben Sie uns Ihre W\u00fcnsche!<\/p>\n<\/div><\/section><br \/>\n<form action=\"https:\/\/gross-autohaus.de\/index.php\/wunschfahrzeug\/\" method=\"post\"  class=\"avia_ajax_form av-form-labels-hidden   avia-builder-el-6  el_after_av_textblock  avia-builder-el-last   \" data-avia-form-id=\"1\" data-avia-redirect='' ><h3 class=''>Angaben zu Ihrem neuen Wunschfahrzeug<\/h3><fieldset><div id='avia_1_1' class='av-form-text'><p>\nWas f\u00fcr ein Auto suchen Sie:<br \/>\nKia, Toyota, Mercedes-Benz, Audi, VW, BMW, Ford, \u2026<\/p>\n<\/div><p class='  first_form  form_element form_fullwidth' id='element_avia_2_1'><label for=\"avia_2_1\">Automarke:<\/label> <input name=\"avia_2_1\" class=\"text_input \" type=\"text\" id=\"avia_2_1\" value=\"\"  placeholder='Automarke:'\/><\/p><div id='avia_3_1' class='av-form-text'><p>\nWie soll er aufgebaut sein: Kombi, Limousine, Bus, Cabrio, \u2026<\/p>\n<\/div><p class='  first_form  form_element form_fullwidth' id='element_avia_4_1'><label for=\"avia_4_1\">Bauweise:<\/label> <input name=\"avia_4_1\" class=\"text_input \" type=\"text\" id=\"avia_4_1\" value=\"\"  placeholder='Bauweise:'\/><\/p><div id='avia_5_1' class='av-form-text'><p>\nErstzulassung ab: 2010, 2015, 2022, &#8230;<\/p>\n<\/div><p class='  first_form  form_element form_fullwidth' id='element_avia_6_1'><label for=\"avia_6_1\">Erstzulassung ab:<\/label> <input name=\"avia_6_1\" class=\"text_input \" type=\"text\" id=\"avia_6_1\" value=\"\"  placeholder='Erstzulassung ab:'\/><\/p><div id='avia_7_1' class='av-form-text'><p>\nLeistung ab:<span class=\"Apple-converted-space\">\u00a0<\/span>70 PS, 130 PS, 400 PS, &#8230;<\/p>\n<\/div><p class='  first_form  form_element form_fullwidth' id='element_avia_8_1'><label for=\"avia_8_1\">Leistung ab:<\/label> <input name=\"avia_8_1\" class=\"text_input \" type=\"text\" id=\"avia_8_1\" value=\"\"  placeholder='Leistung ab:'\/><\/p><div id='avia_9_1' class='av-form-text'><p>\nAntriebsart: Benzin, Diesel, Elektro, Hybrid, Plug-in, \u2026<\/p>\n<\/div><p class='  first_form  form_element form_fullwidth' id='element_avia_10_1'><label for=\"avia_10_1\">Antriebsart:<\/label> <input name=\"avia_10_1\" class=\"text_input \" type=\"text\" id=\"avia_10_1\" value=\"\"  placeholder='Antriebsart:'\/><\/p><div id='avia_11_1' class='av-form-text'><p>\nGetriebe: Automatik, Schalter<\/p>\n<\/div><p class='  first_form  form_element form_fullwidth' id='element_avia_12_1'><label for=\"avia_12_1\">Getriebe:<\/label> <input name=\"avia_12_1\" class=\"text_input \" type=\"text\" id=\"avia_12_1\" value=\"\"  placeholder='Getriebe:'\/><\/p><div id='avia_13_1' class='av-form-text'><p>\nIn welcher Farbe: schwarz, wei\u00df, grau, braun, blau, rot, orange, \u2026<\/p>\n<\/div><p class='  first_form  form_element form_fullwidth' id='element_avia_14_1'><label for=\"avia_14_1\">Farbe:<\/label> <input name=\"avia_14_1\" class=\"text_input \" type=\"text\" id=\"avia_14_1\" value=\"\"  placeholder='Farbe:'\/><\/p><div id='avia_15_1' class='av-form-text'><p>\nMit welcher Laufleistung bis: 30000 km, 50000 km, &#8230;<\/p>\n<\/div><p class='  first_form  form_element form_fullwidth' id='element_avia_16_1'><label for=\"avia_16_1\">Laufleistung bis:<\/label> <input name=\"avia_16_1\" class=\"text_input \" type=\"text\" id=\"avia_16_1\" value=\"\"  placeholder='Laufleistung bis:'\/><\/p><div id='avia_17_1' class='av-form-text'><p>\n<b>Gew\u00fcnschte Ausstattung:\u00a0<\/b>Klimaautomatik, Sitzheizung, Lenkradheizung, Kurvenlicht, LED-Scheinwerfer, Xenon-Scheinwerfer, R\u00fcckfahrkamera, Navigation, \u2026<\/p>\n<\/div><p class='  first_form  form_element form_fullwidth' id='element_avia_18_1'><label for=\"avia_18_1\">Ausstattung:<\/label> <input name=\"avia_18_1\" class=\"text_input \" type=\"text\" id=\"avia_18_1\" value=\"\"  placeholder='Ausstattung:'\/><\/p><div id='avia_19_1' class='av-form-text'><p>\n<b>Gesamtpreis bis:<span class=\"Apple-converted-space\">\u00a0 <\/span><\/b>5000,- \u20ac, 10000,-\u00a0\u20ac,<b> <\/b>27000,- \u20ac, \u2026<\/p>\n<\/div><p class='  first_form  form_element form_fullwidth' id='element_avia_20_1'><label for=\"avia_20_1\">Gesamtpreis bis:<\/label> <input name=\"avia_20_1\" class=\"text_input \" type=\"text\" id=\"avia_20_1\" value=\"\"  placeholder='Gesamtpreis bis:'\/><\/p><p id='element_avia_21_1' class=' first_form  form_element form_fullwidth av-form-empty-line '> <\/p><p class='  first_form  form_element form_fullwidth' id='element_avia_22_1'><label for=\"avia_22_1\">Name<\/label> <input name=\"avia_22_1\" class=\"text_input \" type=\"text\" id=\"avia_22_1\" value=\"\"  placeholder='Name'\/><\/p><p class='  first_form  form_element form_fullwidth' id='element_avia_23_1'><label for=\"avia_23_1\">E-Mail <abbr class=\"required\" title=\"ben\u00f6tigt\">*<\/abbr><\/label> <input name=\"avia_23_1\" class=\"text_input is_email\" type=\"text\" id=\"avia_23_1\" value=\"\"  placeholder='E-Mail*'\/><\/p><p class='  first_form  form_element form_fullwidth' id='element_avia_24_1'><label for=\"avia_24_1\">Telefonnummer <abbr class=\"required\" title=\"ben\u00f6tigt\">*<\/abbr><\/label> <input name=\"avia_24_1\" class=\"text_input is_phone\" type=\"text\" id=\"avia_24_1\" value=\"\"  placeholder='Telefonnummer*'\/><\/p><p class='  first_form  form_element form_fullwidth' id='element_avia_25_1'><input  name=\"avia_25_1\" class=\"input_checkbox is_empty\" type=\"checkbox\" id=\"avia_25_1\" value=\"true\"\/><label class=\"input_checkbox_label\" for=\"avia_25_1\">Ich bin damit einverstanden, dass meine Daten laut Datenschutzerkl\u00e4rung zur Kontaktaufnahme gespeichert werden. <abbr class=\"required\" title=\"ben\u00f6tigt\">*<\/abbr><\/label><\/p><div id='avia_26_1' class='av-form-text'><p>\nBitte die Gleichung l\u00f6sen. Dient der Spamabwehr.<\/p>\n<\/div><p class=\"hidden\"><input type=\"text\" name=\"avia_27_1\" class=\"hidden \" id=\"avia_27_1\" value=\"\" \/><\/p><p class='   form_element form_fullwidth' id='element_avia_28_1'><span class='value_verifier_label'>1 + 4 = ?<\/span><input name=\"avia_28_1_verifier\" type=\"hidden\" id=\"avia_28_1_verifier\" value=\"244158444\"\/><label for=\"avia_28_1\">Bitte l\u00f6se die Gleichung. Diese Ma\u00dfnahme dient der Abwehr von Spam <abbr class=\"required\" title=\"ben\u00f6tigt\">*<\/abbr><\/label><input name=\"avia_28_1\" class=\"text_input captcha\" type=\"text\" id=\"avia_28_1\" value=\"\"\/><\/p><p class=\"form_element \"><input type=\"hidden\" value=\"1\" name=\"avia_generated_form1\" \/><input type=\"submit\" value=\"Senden\" class=\"button\"  data-sending-label=\"Sende\"\/><\/p><\/fieldset><\/form><div id=\"ajaxresponse_1\" class=\"ajaxresponse ajaxresponse_1 hidden\"><\/div><\/p><\/div>\n\n","protected":false},"excerpt":{"rendered":"","protected":false},"author":2,"featured_media":0,"parent":0,"menu_order":0,"comment_status":"closed","ping_status":"closed","template":"","meta":{"_glsr_average":0,"_glsr_ranking":0,"_glsr_reviews":0,"footnotes":""},"class_list":["post-715","page","type-page","status-publish","hentry"],"jetpack_sharing_enabled":true,"_links":{"self":[{"href":"https:\/\/gross-autohaus.de\/index.php\/wp-json\/wp\/v2\/pages\/715","targetHints":{"allow":["GET"]}}],"collection":[{"href":"https:\/\/gross-autohaus.de\/index.php\/wp-json\/wp\/v2\/pages"}],"about":[{"href":"https:\/\/gross-autohaus.de\/index.php\/wp-json\/wp\/v2\/types\/page"}],"author":[{"embeddable":true,"href":"https:\/\/gross-autohaus.de\/index.php\/wp-json\/wp\/v2\/users\/2"}],"replies":[{"embeddable":true,"href":"https:\/\/gross-autohaus.de\/index.php\/wp-json\/wp\/v2\/comments?post=715"}],"version-history":[{"count":18,"href":"https:\/\/gross-autohaus.de\/index.php\/wp-json\/wp\/v2\/pages\/715\/revisions"}],"predecessor-version":[{"id":1098,"href":"https:\/\/gross-autohaus.de\/index.php\/wp-json\/wp\/v2\/pages\/715\/revisions\/1098"}],"wp:attachment":[{"href":"https:\/\/gross-autohaus.de\/index.php\/wp-json\/wp\/v2\/media?parent=715"}],"curies":[{"name":"wp","href":"https:\/\/api.w.org\/{rel}","templated":true}]}}